
2
Suppose -2*i + i = 2, 13 = 3*b + 4*i. Suppose -b*q + 5*q = -28. What is the highest common factor of q and 42?
14
Suppose -m + 4*d - 5 = 0, -m = -0*d + d - 15. Let j = 274 + -272. Suppose -25 = -b + 4*w, -j + m = -3*w. Calculate the greatest common divisor of 13 and b.
13
Let u be 14*(6/2 - 4). Let d be 249/7 + (-6)/u. Calculate the highest common factor of d and 12.
12
Let u = -24115 - -24179. Let d = -74 + 122. What is the highest common factor of u and d?
16
Suppose -4*o - 4*l - 1 + 5 = 0, -5*l + 5 = -5*o. Suppose -n = -1 - o. Calculate the highest common factor of n and 1.
1
Let n(k) = k**3 - 6*k**2 + 4*k + 10. Let j be n(5). Suppose 107 = 5*c - 2*b, j*b = b - 4. What is the greatest common divisor of 21 and c?
21
Let k(o) = -o**3 - 4*o**2 + 15*o - 30. Let z be k(-7). What is the highest common factor of 20 and z?
4
Suppose -139*t - 5 = -140*t + y, -30 = -t - 4*y. Let v be 123/5 + (-2)/(-5). Calculate the greatest common divisor of v and t.
5
Let u = 355 - 269. What is the highest common divisor of u and 2021?
43
Suppose 0 = -4*q - 35 + 411. Calculate the highest common divisor of 329 and q.
47
Let p(o) = 27*o - 95. Let t be p(8). Calculate the greatest common divisor of t and 99.
11
Let k = -51 - -67. What is the highest common divisor of 112 and k?
16
Suppose 400 = 5*f - f. Calculate the greatest common factor of f and 25.
25
Let g = -64 - -85. What is the greatest common divisor of g and 42?
21
Let a be 92 + -1 + (-3 - -2). Let b be (105/(-7))/(-1) + (5 - 2). What is the highest common factor of b and a?
18
Suppose -u - 3*b - 9 = 0, -u + 0*b - 5 = 2*b. Let q be -1 - (u + (-8 - -3)). Let v(l) = -l - 6. Let o be v(-8). What is the highest common divisor of q and o?
1
Suppose 67*x - 96*x = -203. Let w = -16 - -26. Let v be 141/5 - 2/w. What is the highest common divisor of x and v?
7
Suppose s + 18 - 32 = 0. Let n = s + 64. What is the highest common divisor of 52 and n?
26
Let y = -11 + 18. Suppose -5*x = -6*v + 4*v + 22, -4*v + 96 = 3*x. Calculate the greatest common factor of v and y.
7
Let t be (2 - (-2 + 4))*-1. Let x be t + (10 - (1 + -2)). Let f(i) = -17*i - 8. Let z be f(-5). Calculate the highest common divisor of z and x.
11
Suppose 0 = -l + 5*c + 15, -l + 3*c + 17 = -0*l. Let p be (l/(-7))/(24/(-84)). Suppose -f = -0*f - 10. Calculate the greatest common divisor of f and p.
10
Let g = -315 + 317. What is the greatest common divisor of 32 and g?
2
Let c(k) = k**2 - 4*k - 1. Let m be c(11). Suppose -58 = -3*z - o, -8*z = -3*z - 4*o - 91. Calculate the greatest common divisor of m and z.
19
Suppose 7*h - 509 - 569 = 0. Let q = h + -150. Suppose 0 = -3*t - 0*t + 24. What is the highest common factor of t and q?
4
Let x = 51 + -1. Suppose -n + 161 = x. What is the highest common factor of 74 and n?
37
Suppose 0 = 5*p - 2*h - 0*h - 64, 2*h + 36 = 3*p. Let x be p*9/6 + -1. What is the highest common divisor of 30 and x?
10
Let i(r) = -r**3 + 3*r**2 + 3*r + 5. Let w be i(4). Let h be w*((2 - 2) + 3). Suppose -16 = -7*p + h*p. What is the highest common divisor of p and 6?
2
Suppose -4*y + 52 = 8. Suppose -5*l = 1 - y. Suppose 0 = -5*d - l + 62. What is the greatest common divisor of d and 36?
12
Suppose 0*j = -3*j + 36. Suppose -4*r - 4*f + 58 = 54, 3*r - f = 23. Calculate the greatest common divisor of r and j.
6
Let v be ((-3)/(-6))/(6 - (-131)/(-22)). Let k = -235 + 411. What is the greatest common divisor of k and v?
11
Suppose -c - 13 = -3*x, 2*x = 7*x - c - 23. Suppose h - 3*p = 34, -4*h + 4*p = -2*h - 72. What is the greatest common factor of x and h?
5
Suppose 4 + 5 = 3*a. Suppose 0*g - 5*g - n = -355, a*n + 87 = g. Let v be ((-24)/(-15))/(2/10). What is the greatest common factor of v and g?
8
Let t(p) = -2*p + 2. Let m be t(7). Let l = m - -54. What is the highest common divisor of 294 and l?
42
Let i be ((-3)/10)/((-206)/4120). What is the greatest common factor of i and 106?
2
Let h = -1362 - -1389. What is the greatest common divisor of h and 4?
1
Suppose 2*i + 5*t - 522 = 0, 7*t - 2*t - 256 = -i. Let s be 1550/40 + (9/(-12) - 0). What is the highest common divisor of i and s?
38
Let o(s) = -s + 4. Let k be o(2). Let j be (-1)/3 + 10/(-15). Let a be 3 - ((-316)/k + j). Calculate the greatest common divisor of 18 and a.
18
Suppose 41 = 7*z - 127. Let o be 4/z - (-5610)/36. What is the greatest common divisor of o and 24?
12
Let t(m) = m**3 + 19*m**2 - m + 15. Let f be t(-19). What is the greatest common divisor of 102 and f?
34
Let b(q) = -q**2 - 11*q + 12. Suppose -2*h + f = h + 31, f = 5*h + 49. Let i be b(h). What is the greatest common divisor of i and 6?
6
Suppose 6*n - 10*n - 2*y + 2782 = 0, 0 = -4*n - 4*y + 2792. Calculate the highest common factor of 33 and n.
33
Let k(n) = -4 + 17 + 4*n - 3*n + n. Let a be k(9). Suppose 5*c - a = 24. What is the highest common factor of 44 and c?
11
Let q(p) = -15*p + 954. Let c be q(48). What is the highest common divisor of 1521 and c?
117
Let n be 3/(-9) + (-4)/6 + 1. Let q be 1/(-5) + (32/10 - n). Calculate the greatest common factor of 33 and q.
3
Let h = 20 + -13. Suppose 0*x = -h*x - 434. Let i = -37 - x. What is the highest common factor of i and 100?
25
Let v = -12 + 14. Suppose v*h + 5 = 5*o, -3*h + o + 3*o - 18 = 0. Let r be (h/3)/((-3)/9). What is the highest common divisor of 10 and r?
10
Let q(k) = k**2 + 5*k + 1. Let g be q(-10). Suppose -5*l + 4*a - 8*a = -g, -3*l + 3*a + 36 = 0. Calculate the highest common divisor of l and 99.
11
Let u = -22 + 22. Let a be 2 + -1 + (u - -76). Let z be (1 + 4/(-6))/((-25)/(-825)). What is the greatest common factor of a and z?
11
Suppose 5*w - 189 = -2*d + 57, -4 = 2*d. Let v be (-20)/w - (-162)/5. Suppose b - 5*b + v = 0. What is the greatest common factor of 24 and b?
8
Let x(a) = 3*a**2 + 3*a. Let z be x(7). Suppose -1 - 5 = -3*v. Suppose v*w + 4 - 52 = 0. What is the highest common factor of z and w?
24
Let n = -9 - -27. Let t be (6/18)/(2/n). Suppose 3*y - 5 = q, 2*y - 2 = -y + 4*q. What is the highest common factor of t and y?
1
Let f be (39/(-7) + -3)*(-1071)/34. Calculate the highest common factor of 6 and f.
6
Let f = 11 + -11. Let s(r) = -r + 34. Let j be s(-14). Suppose -c + j = -f*c. Calculate the greatest common factor of c and 32.
16
Suppose 4*i = -6 + 22. Suppose 2*w - 4*t = -72 + i, -3*t + 36 = -w. Let x = w - -42. What is the highest common factor of x and 4?
4
Let s(r) = r - 5. Let i be s(8). Let z(q) = 234*q + 10. Let t be z(i). Let a be t/28 + 4/7. What is the highest common divisor of a and 65?
13
Let f = 1420 + -799. Calculate the greatest common divisor of f and 23.
23
Suppose -2*u + 7*p + 100 = 10*p, 2*u + 5*p - 92 = 0. What is the greatest common factor of u and 24?
8
Let q(n) be the third derivative of 2*n**4/3 - 13*n**3/6 - 16*n**2. Let u be q(8). Calculate the highest common factor of 46 and u.
23
Suppose m + 3*g - 18 = 0, 3*g - g - 13 = -m. Let d = 0 - -1. Let p be (-4)/(-2) + m/d. Calculate the greatest common divisor of 20 and p.
5
Suppose 3*a + 8 = 7*a. Suppose -9 = -a*w + 5*w. Let m = w - -7. What is the greatest common divisor of m and 36?
4
Suppose 950*h = 953*h - 33. What is the highest common factor of h and 44?
11
Suppose p - 185 = d - 980, 3*p + 3975 = 5*d. What is the highest common factor of d and 15?
15
Let m = -74 - -78. Calculate the highest common divisor of 28 and m.
4
Let x = 6 + -5. Let w = 0 + -2. Let n = 0 - w. Calculate the greatest common factor of x and n.
1
Let h be (-6)/4*10/(-3). Suppose s = -0*s - h*i - 23, -4*i = -5*s - 28. Let o = s - -36. What is the highest common divisor of o and 42?
14
Let x(b) = 43*b + 2. Let w be x(1). Suppose 2*v + 2*h + 14 = 0, 2*v - 5*h + w = -3*v. Let i = v + 48. Calculate the highest common factor of 5 and i.
5
Suppose -2*k + 14 + 0 = 0. Let x = 14 + k. Suppose -3*h + 0 = -x. What is the highest common divisor of h and 49?
7
Suppose -8*z + 12*z - 52 = -3*d, -4*z + 2*d = -52. Suppose 4*m - 5*s = 72, s = -m + 5*m - 56. Calculate the greatest common factor of z and m.
13
Suppose -w - 4*z + 57 = 0, 3*w + 8*z - 171 = 7*z. What is the greatest common factor of w and 152?
19
Suppose -312 = -18*f + 264. What is the greatest common divisor of f and 24?
8
Suppose 0 = -4*z - z + 3*d - 291, 4*z + 2*d = -224. Let h = z + 132. What is the highest common